{"id":287,"date":"2021-08-27T13:41:47","date_gmt":"2021-08-27T13:41:47","guid":{"rendered":"https:\/\/plataformaproductivaloscocos.org.ar\/site\/?page_id=287"},"modified":"2021-08-27T13:48:45","modified_gmt":"2021-08-27T13:48:45","slug":"articulacion","status":"publish","type":"page","link":"https:\/\/plataformaproductivaloscocos.org.ar\/site\/index.php\/articulacion\/","title":{"rendered":"Articulaci\u00f3n"},"content":{"rendered":"\t\t<div data-elementor-type=\"wp-page\" data-elementor-id=\"287\" class=\"elementor elementor-287\" data-elementor-settings=\"[]\">\n\t\t\t\t\t\t<div class=\"elementor-inner\">\n\t\t\t\t\t\t\t<div class=\"elementor-section-wrap\">\n\t\t\t\t\t\t\t<section class=\"elementor-section elementor-top-section elementor-element elementor-element-8bbb00c elementor-section-boxed elementor-section-height-default elementor-section-height-default\" data-id=\"8bbb00c\" data-element_type=\"section\">\n\t\t\t\t\t\t<div class=\"elementor-container elementor-column-gap-default\">\n\t\t\t\t\t\t\t<div class=\"elementor-row\">\n\t\t\t\t\t<div class=\"elementor-column elementor-col-100 elementor-top-column elementor-element elementor-element-2c9256b\" data-id=\"2c9256b\" data-element_type=\"column\">\n\t\t\t<div class=\"elementor-column-wrap\">\n\t\t\t\t\t\t\t<div class=\"elementor-widget-wrap\">\n\t\t\t\t\t\t\t\t<\/div>\n\t\t\t\t\t<\/div>\n\t\t<\/div>\n\t\t\t\t\t\t\t\t<\/div>\n\t\t\t\t\t<\/div>\n\t\t<\/section>\n\t\t\t\t<section class=\"elementor-section elementor-top-section elementor-element elementor-element-1aa7f88e elementor-section-boxed elementor-section-height-default elementor-section-height-default\" data-id=\"1aa7f88e\" data-element_type=\"section\">\n\t\t\t\t\t\t<div class=\"elementor-container elementor-column-gap-default\">\n\t\t\t\t\t\t\t<div class=\"elementor-row\">\n\t\t\t\t\t<div class=\"elementor-column elementor-col-100 elementor-top-column elementor-element elementor-element-107fea40\" data-id=\"107fea40\" data-element_type=\"column\">\n\t\t\t<div class=\"elementor-column-wrap elementor-element-populated\">\n\t\t\t\t\t\t\t<div class=\"elementor-widget-wrap\">\n\t\t\t\t\t\t<div class=\"elementor-element elementor-element-23c75bae elementor-widget-divider--view-line elementor-widget elementor-widget-divider\" data-id=\"23c75bae\" data-element_type=\"widget\" data-widget_type=\"divider.default\">\n\t\t\t\t<div class=\"elementor-widget-container\">\n\t\t\t\t\t<div class=\"elementor-divider\">\n\t\t\t<span class=\"elementor-divider-separator\">\n\t\t\t\t\t\t<\/span>\n\t\t<\/div>\n\t\t\t\t<\/div>\n\t\t\t\t<\/div>\n\t\t\t\t<div class=\"elementor-element elementor-element-6bddd027 elementor-widget elementor-widget-heading\" data-id=\"6bddd027\" data-element_type=\"widget\" data-widget_type=\"heading.default\">\n\t\t\t\t<div class=\"elementor-widget-container\">\n\t\t\t<h2 class=\"elementor-heading-title elementor-size-default\">Articulaci\u00f3n constante<\/h2>\t\t<\/div>\n\t\t\t\t<\/div>\n\t\t\t\t<div class=\"elementor-element elementor-element-33c70c14 elementor-widget elementor-widget-text-editor\" data-id=\"33c70c14\" data-element_type=\"widget\" data-widget_type=\"text-editor.default\">\n\t\t\t\t<div class=\"elementor-widget-container\">\n\t\t\t\t\t<div class=\"elementor-text-editor elementor-clearfix\"><\/div>\n\t\t\t\t<\/div>\n\t\t\t\t<\/div>\n\t\t\t\t\t\t<\/div>\n\t\t\t\t\t<\/div>\n\t\t<\/div>\n\t\t\t\t\t\t\t\t<\/div>\n\t\t\t\t\t<\/div>\n\t\t<\/section>\n\t\t\t\t<section class=\"elementor-section elementor-top-section elementor-element elementor-element-2a54043 elementor-section-boxed elementor-section-height-default elementor-section-height-default\" data-id=\"2a54043\" data-element_type=\"section\">\n\t\t\t\t\t\t<div class=\"elementor-container elementor-column-gap-default\">\n\t\t\t\t\t\t\t<div class=\"elementor-row\">\n\t\t\t\t\t<div class=\"elementor-column elementor-col-100 elementor-top-column elementor-element elementor-element-8fc11dc\" data-id=\"8fc11dc\" data-element_type=\"column\">\n\t\t\t<div class=\"elementor-column-wrap elementor-element-populated\">\n\t\t\t\t\t\t\t<div class=\"elementor-widget-wrap\">\n\t\t\t\t\t\t\t\t<\/div>\n\t\t\t\t\t<\/div>\n\t\t<\/div>\n\t\t\t\t\t\t\t\t<\/div>\n\t\t\t\t\t<\/div>\n\t\t<\/section>\n\t\t\t\t<section class=\"elementor-section elementor-top-section elementor-element elementor-element-f2c219f elementor-section-boxed elementor-section-height-default elementor-section-height-default\" data-id=\"f2c219f\" data-element_type=\"section\">\n\t\t\t\t\t\t<div class=\"elementor-container elementor-column-gap-default\">\n\t\t\t\t\t\t\t<div class=\"elementor-row\">\n\t\t\t\t\t<div class=\"elementor-column elementor-col-100 elementor-top-column elementor-element elementor-element-cf786d3\" data-id=\"cf786d3\" data-element_type=\"column\">\n\t\t\t<div class=\"elementor-column-wrap elementor-element-populated\">\n\t\t\t\t\t\t\t<div class=\"elementor-widget-wrap\">\n\t\t\t\t\t\t<div class=\"elementor-element elementor-element-e32043c elementor-widget elementor-widget-text-editor\" data-id=\"e32043c\" data-element_type=\"widget\" data-widget_type=\"text-editor.default\">\n\t\t\t\t<div class=\"elementor-widget-container\">\n\t\t\t\t\t<div class=\"elementor-text-editor elementor-clearfix\"><h2><strong>Trabajamos en red:<\/strong><\/h2><p>Frente a la necesidad de acompa\u00f1ar a un sector de la comunidad local, que se encuentra fuera del<br \/>sistema econ\u00f3mico tradicional, pero que se dedica a producir generalmente en un entorno reducido; y<br \/>con el objeto de nuclear este capital humano y darle una vidriera de exposici\u00f3n, que los hiciera llegar en<br \/>principio al turismo, y a otras localidades, es que nace nuestra Plataforma Productiva.<br \/>Bajo la regulaci\u00f3n de la Direcci\u00f3n General de Inspecci\u00f3n de Personas Jur\u00eddicas (IPJ), a partir del 30 de<br \/>Octubre de 2018. Y con alta en la Administraci\u00f3n Federal de Ingresos P\u00fablicos (AFIP) en el mes de<br \/>Agosto de 2019.<\/p><p><br \/>De la mano del Departamento Ejecutivo Municipal, se gestionaron los fondos a trav\u00e9s del Ministerio de<br \/>Desarrollo Social de la Naci\u00f3n, para llevar a cabo este proyecto, cuyo objetivo final fue crear un espacio<br \/>permanente en el entonces local de informes tur\u00edsticos (ubicado en el sector de los parques recreativos)<br \/>que permita la exposici\u00f3n, el desarrollo y la comercializaci\u00f3n de la producci\u00f3n artesanal, art\u00edstica y emprendimientos productivos que la comunidad de Los Cocos contiene entre sus habitantes.<\/p><p><br \/>Hoy m\u00e1s fortalecidos, buscamos ser el nexo entre nuestros productores y otras Organizaciones No<br \/>Gubernamentales y\/o Estatales, que puedan aportarnos valor con capacitaciones y herramientas<br \/>disponibles para que esta sociedad de las Sierras cordobesas sea inspiraci\u00f3n de trabajo en equipo y<br \/>abrirnos camino hacia otros sectores del mercado, compartiendo experiencias enriquecedoras. Como<br \/>as\u00ed tambi\u00e9n, conectar al sector privado local de diversos rubros en diferentes actividades logrando una<br \/>retroalimentaci\u00f3n que beneficie la actividad productiva y la econom\u00eda del sector.<\/p><p>\u00a0<\/p><p><strong>Somos Plataforma Productiva Los Cocos<\/strong><\/p><\/div>\n\t\t\t\t<\/div>\n\t\t\t\t<\/div>\n\t\t\t\t\t\t<\/div>\n\t\t\t\t\t<\/div>\n\t\t<\/div>\n\t\t\t\t\t\t\t\t<\/div>\n\t\t\t\t\t<\/div>\n\t\t<\/section>\n\t\t\t\t<section class=\"elementor-section elementor-top-section elementor-element elementor-element-b8c7040 elementor-section-boxed elementor-section-height-default elementor-section-height-default\" data-id=\"b8c7040\" data-element_type=\"section\" data-settings=\"{&quot;background_background&quot;:&quot;classic&quot;}\">\n\t\t\t\t\t\t<div class=\"elementor-container elementor-column-gap-default\">\n\t\t\t\t\t\t\t<div class=\"elementor-row\">\n\t\t\t\t\t<div class=\"elementor-column elementor-col-50 elementor-top-column elementor-element elementor-element-5392a85\" data-id=\"5392a85\" data-element_type=\"column\">\n\t\t\t<div class=\"elementor-column-wrap elementor-element-populated\">\n\t\t\t\t\t\t\t<div class=\"elementor-widget-wrap\">\n\t\t\t\t\t\t<div class=\"elementor-element elementor-element-bb0392a elementor-widget elementor-widget-image\" data-id=\"bb0392a\" data-element_type=\"widget\" data-widget_type=\"image.default\">\n\t\t\t\t<div class=\"elementor-widget-container\">\n\t\t\t\t\t<div class=\"elementor-image\">\n\t\t\t\t\t\t\t\t\t\t<img width=\"640\" height=\"640\" src=\"https:\/\/plataformaproductivaloscocos.org.ar\/site\/wp-content\/uploads\/2020\/12\/logo-instagram.png\" class=\"attachment-large size-large\" alt=\"\" loading=\"lazy\" srcset=\"https:\/\/plataformaproductivaloscocos.org.ar\/site\/wp-content\/uploads\/2020\/12\/logo-instagram.png 1000w, https:\/\/plataformaproductivaloscocos.org.ar\/site\/wp-content\/uploads\/2020\/12\/logo-instagram-300x300.png 300w, https:\/\/plataformaproductivaloscocos.org.ar\/site\/wp-content\/uploads\/2020\/12\/logo-instagram-150x150.png 150w, https:\/\/plataformaproductivaloscocos.org.ar\/site\/wp-content\/uploads\/2020\/12\/logo-instagram-768x768.png 768w, https:\/\/plataformaproductivaloscocos.org.ar\/site\/wp-content\/uploads\/2020\/12\/logo-instagram-600x600.png 600w, https:\/\/plataformaproductivaloscocos.org.ar\/site\/wp-content\/uploads\/2020\/12\/logo-instagram-100x100.png 100w\" sizes=\"(max-width: 640px) 100vw, 640px\" \/>\t\t\t\t\t\t\t\t\t\t\t<\/div>\n\t\t\t\t<\/div>\n\t\t\t\t<\/div>\n\t\t\t\t\t\t<\/div>\n\t\t\t\t\t<\/div>\n\t\t<\/div>\n\t\t\t\t<div class=\"elementor-column elementor-col-50 elementor-top-column elementor-element elementor-element-8a73d6c\" data-id=\"8a73d6c\" data-element_type=\"column\">\n\t\t\t<div class=\"elementor-column-wrap elementor-element-populated\">\n\t\t\t\t\t\t\t<div class=\"elementor-widget-wrap\">\n\t\t\t\t\t\t<section class=\"elementor-section elementor-top-section elementor-element elementor-element-53910ac elementor-section-boxed elementor-section-height-default elementor-section-height-default\" data-id=\"53910ac\" data-element_type=\"section\">\n\t\t\t\t\t\t<div class=\"elementor-container elementor-column-gap-default\">\n\t\t\t\t\t\t\t<div class=\"elementor-row\">\n\t\t\t\t\t<div class=\"elementor-column elementor-col-100 elementor-top-column elementor-element elementor-element-8076a6b\" data-id=\"8076a6b\" data-element_type=\"column\">\n\t\t\t<div class=\"elementor-column-wrap elementor-element-populated\">\n\t\t\t\t\t\t\t<div class=\"elementor-widget-wrap\">\n\t\t\t\t\t\t<div class=\"elementor-element elementor-element-fea5f85 elementor-widget elementor-widget-heading\" data-id=\"fea5f85\" data-element_type=\"widget\" data-widget_type=\"heading.default\">\n\t\t\t\t<div class=\"elementor-widget-container\">\n\t\t\t<h2 class=\"elementor-heading-title elementor-size-default\">Nuestro Instagram<\/h2>\t\t<\/div>\n\t\t\t\t<\/div>\n\t\t\t\t<div class=\"elementor-element elementor-element-069e1af elementor-widget elementor-widget-text-editor\" data-id=\"069e1af\" data-element_type=\"widget\" data-widget_type=\"text-editor.default\">\n\t\t\t\t<div class=\"elementor-widget-container\">\n\t\t\t\t\t<div class=\"elementor-text-editor elementor-clearfix\"><p>Productos, precios, promociones.<\/p><\/div>\n\t\t\t\t<\/div>\n\t\t\t\t<\/div>\n\t\t\t\t<div class=\"elementor-element elementor-element-9a9c76c elementor-widget elementor-widget-button\" data-id=\"9a9c76c\" data-element_type=\"widget\" data-widget_type=\"button.default\">\n\t\t\t\t<div class=\"elementor-widget-container\">\n\t\t\t\t\t<div class=\"elementor-button-wrapper\">\n\t\t\t<a href=\"https:\/\/loscocos.gob.ar\/\" target=\"_blank\" rel=\"nofollow\" class=\"elementor-button-link elementor-button elementor-size-sm\" role=\"button\">\n\t\t\t\t\t\t<span class=\"elementor-button-content-wrapper\">\n\t\t\t\t\t\t<span class=\"elementor-button-icon elementor-align-icon-right\">\n\t\t\t\t<i aria-hidden=\"true\" class=\"hm hm-arrow-right1\"><\/i>\t\t\t<\/span>\n\t\t\t\t\t\t<span class=\"elementor-button-text\">Click aqu\u00ed<\/span>\n\t\t<\/span>\n\t\t\t\t\t<\/a>\n\t\t<\/div>\n\t\t\t\t<\/div>\n\t\t\t\t<\/div>\n\t\t\t\t\t\t<\/div>\n\t\t\t\t\t<\/div>\n\t\t<\/div>\n\t\t\t\t\t\t\t\t<\/div>\n\t\t\t\t\t<\/div>\n\t\t<\/section>\n\t\t\t\t\t\t<\/div>\n\t\t\t\t\t<\/div>\n\t\t<\/div>\n\t\t\t\t\t\t\t\t<\/div>\n\t\t\t\t\t<\/div>\n\t\t<\/section>\n\t\t\t\t\t\t<\/div>\n\t\t\t\t\t\t<\/div>\n\t\t\t\t\t<\/div>\n\t\t","protected":false},"excerpt":{"rendered":"<p>Articulaci\u00f3n constante Trabajamos en red: Frente a la necesidad de acompa\u00f1ar a un sector de la comunidad local, que [&hellip;]<\/p>\n","protected":false},"author":1,"featured_media":0,"parent":0,"menu_order":0,"comment_status":"closed","ping_status":"closed","template":"templates\/builder-fullwidth-std.php","meta":[],"_links":{"self":[{"href":"https:\/\/plataformaproductivaloscocos.org.ar\/site\/index.php\/wp-json\/wp\/v2\/pages\/287"}],"collection":[{"href":"https:\/\/plataformaproductivaloscocos.org.ar\/site\/index.php\/wp-json\/wp\/v2\/pages"}],"about":[{"href":"https:\/\/plataformaproductivaloscocos.org.ar\/site\/index.php\/wp-json\/wp\/v2\/types\/page"}],"author":[{"embeddable":true,"href":"https:\/\/plataformaproductivaloscocos.org.ar\/site\/index.php\/wp-json\/wp\/v2\/users\/1"}],"replies":[{"embeddable":true,"href":"https:\/\/plataformaproductivaloscocos.org.ar\/site\/index.php\/wp-json\/wp\/v2\/comments?post=287"}],"version-history":[{"count":7,"href":"https:\/\/plataformaproductivaloscocos.org.ar\/site\/index.php\/wp-json\/wp\/v2\/pages\/287\/revisions"}],"predecessor-version":[{"id":295,"href":"https:\/\/plataformaproductivaloscocos.org.ar\/site\/index.php\/wp-json\/wp\/v2\/pages\/287\/revisions\/295"}],"wp:attachment":[{"href":"https:\/\/plataformaproductivaloscocos.org.ar\/site\/index.php\/wp-json\/wp\/v2\/media?parent=287"}],"curies":[{"name":"wp","href":"https:\/\/api.w.org\/{rel}","templated":true}]}}